y 16?
10
Let c be (104/(-6))/(34/(-51)). Suppose 0 = c*h - 31*h + 65. Calculate the remainder when 45 is divided by h.
6
Let k(x) = 8*x**3 + x**2 - x - 1. Let g be k(1). Suppose -g*n + 68 = -23. What is the remainder when 113 is divided by n?
9
Let b(a) = 9*a + 4. Suppose -6*m + 40 = -m. Suppose -3*y = v + 3*v - 8, 2*v = -m. Calculate the remainder when b(y) is divided by 26.
24
Let d(r) = -r**2 + 15*r - 11. Suppose -5*f = -5*u - 40, -5*f + 23 - 7 = u. Suppose -f*h + 6*h = 24. What is the remainder when d(11) is divided by h?
9
Suppose 9*p = -25*p + 612. Calculate the remainder when 375 is divided by p.
15
Suppose 11*a - 321 + 57 = 0. Calculate the remainder when 111 is divided by a.
15
Suppose -62 - 8 = -2*c. Calculate the remainder when c is divided by (-4)/(-3*8/60).
5
Let x(k) = 8*k**3 - k**2 - 4*k - 3. Let d be x(-1). Let o(h) = -h + 11. Calculate the remainder when o(d) is divided by 10.
9
Suppose 138 + 52 = -2*d - 5*c, 0 = 5*d - 2*c + 504. Suppose -4*w - 13 = -b, 4*b - 4*w + 12 = 40. What is the remainder when 39 is divided by (-4)/b*d/8?
9
What is the remainder when 98/16 + (-1)/8 + 288 is divided by 15?
9
Suppose g = -2*c - 7 - 8, 2*c - 4*g = 0. Let i(m) = 4*m + 10. Let b be i(c). Calculate the remainder when 16 is divided by (-24)/b*14/4.
4
Suppose 0 = 4*a + 5*l + 234, l + 297 = -5*a - 6. Let m be a/(-9) + 12/54. Suppose -m = -5*d + 38. Calculate the remainder when 34 is divided by d.
7
Calculate the remainder when (-153)/34*(-328)/3 is divided by 29.
28
Let i(o) = o**3 + o**2 + 2. Let q be i(0). Suppose -25 = 5*s, 2*s - 147 = -q*w + 7*s. Calculate the remainder when w is divided by 21.
19
Let p be (4 + (-6 - -2))/2. Suppose p = f - 7. Calculate the remainder when f is divided by 5.
2
Suppose 15*k - 17*k = 38. Let g = 3 - k. What is the remainder when 40 is divided by g?
18
Let s be 0/((-12)/(-3)) + 5. Suppose -s*p + v - 96 = 0, -3*v = 3*p - 6*p - 48. Calculate the remainder when (p/8 - -2)*-118 is divided by 15.
14
Suppose 0 = -3*n + 4*c + 1195, -5*c = 4*n - 944 - 670. Calculate the remainder when n is divided by 28.
9
Let h = 333 + -315. What is the remainder when 106 is divided by h?
16
Let o be 18/(-12)*(0 - 12). Suppose 2 = j - 1. Suppose o = j*t - t. Calculate the remainder when 22 is divided by t.
4
Suppose 9*b - 20 = 4*b. Suppose -w + 24 = 3*w + b*o, 2*w + o = 16. What is the remainder when 29 is divided by w?
9
Let t(v) = -2*v**2 + 14*v. Let h(f) = -f - 2. Let w be h(-8). Suppose 17 = z - 18. Calculate the remainder when z is divided by t(w).
11
Suppose 21 = -3*d + 10*d. Suppose d*j = -9, 4*x - 5*x - j = 0. What is the remainder when x is divided by 3?
0
Let d(j) = -j + 9. Let u be d(6). Suppose -o + 104 = u*o. Calculate the remainder when 103 is divided by o.
25
Let l(x) be the second derivative of -2*x**3/3 - 4*x**2 + 3*x. Suppose t - 6*t - 50 = 4*y, t + 21 = -3*y. What is the remainder when 63 is divided by l(t)?
15
Suppose 0 = 150*l - 145*l - 155. Calculate the remainder when 89 is divided by l.
27
Let h(y) = -y**2 + 23*y - 65. Calculate the remainder when 436 is divided by h(6).
29
Let s(w) = w + 1. Let k be s(2). Suppose 4*t - 284 = -k*z, -z + 7 = -t + 85. Calculate the remainder when t is divided by 19.
17
Suppose m + 10469 = -4*i, -3 - 2 = m. Calculate the remainder when ((-4)/6)/((-4)/i*-2) is divided by 22.
20
What is the remainder when 1167/2 + 370/148 is divided by 74?
68
Suppose -v = -4*r + 1158, 4*r - 1067 = -v + 95. Suppose -r = -3*f - 1712. Calculate the remainder when f/(-7) - 12/(-42) is divided by 23.
22
Let p(c) = c**3 + 6*c**2 + 2*c - 2. Let o be (-1 - 37) + 60/20. What is the remainder when (-21)/o + 494/10 is divided by p(-5)?
11
Suppose -7*o - 4011 = -28*o. Calculate the remainder when o is divided by 64.
63
Suppose 0*s - 4 = -s, -4*s = -u - 14. Let q(f) = 5 - 5*f - 3 + 4*f**u + 1 + 2. Calculate the remainder when 30 is divided by q(2).
8
Suppose -273*z = -285*z + 24. What is the remainder when 4 is divided by z?
0
Let k = 0 - -2. Suppose -4*b + 16 = -2*c, 3*b - k*b = -c - 14. What is the remainder when 9 is divided by 3/(-6)*c*1?
3
Let w = -87 + 137. Calculate the remainder when w is divided by ((-646)/114)/((-1)/3).
16
Calculate the remainder when 82 is divided by (-53)/(-4) - ((-231)/(-44) - 5).
4
Let n(a) = 27*a - 381. Calculate the remainder when n(20) is divided by 32.
31
Let y(v) = 47*v - 2. Let a be y(2). Let r(i) = -i**2 + 22*i - 16. Let k be r(21). Suppose 9*q - k*q = a. What is the remainder when q is divided by 8?
7
Suppose -1181 = -25*c + 519. What is the remainder when 117 is divided by c?
49
Let f(g) = -10*g - 1. Let j be (0/(-1))/(3 - 1). Suppose j*c = c - 35. Calculate the remainder when c is divided by f(-2).
16
Let x(y) = -y**2 - 8*y - 3. Let z = -12 + 7. Suppose 4*s + w - 91 = 0, 3*s + 3*w = -w + 78. What is the remainder when s is divided by x(z)?
10
Suppose 0 = -55*i + 49*i + 6. What is the remainder when 3 is divided by i?
0
Suppose 0 = -4*s + 8*s + 40. Calculate the remainder when 4 - (104/(-4) - -3) is divided by 11 - (s/(-2) + -1).
6
Let g(o) = -6*o + 504. What is the remainder when g(-84) is divided by 13?
7
Let x(w) = 3*w + 50. Calculate the remainder when 63 is divided by x(-8).
11
Let y = 120 - 66. What is the remainder when y is divided by (-222)/(-777) + 0 + 192/14?
12
Let s(o) = -9*o - 22. Let d(i) = -10*i - 23. Let g(p) = -7*d(p) + 6*s(p). What is the remainder when g(4) is divided by 49?
44
Suppose 3*x - 25*g = -23*g + 31, -5*x + 60 = -5*g. Let c(y) = -y + 7. Let l be c(5). What is the remainder when x is divided by 9/l - (-2)/4?
2
Let v = -13 + 16. Let p be (-3)/(-4*v/(-40)). What is the remainder when 110 is divided by (-3)/15 + (-282)/p?
26
Calculate the remainder when 44 is divided by (-335)/(-20) - (44/16 + -3).
10
Calculate the remainder when ((-1624)/(-174))/(3/657) is divided by 89.
86
Suppose 0 = -o + 8 - 5. Let k(t) = 35*t - 94. Calculate the remainder when k(3) is divided by o.
2
Suppose -18 = -5*q + 2*q. Suppose -q*c = -15 - 27. What is the remainder when 27 is divided by c?
6
Let q(s) = -7*s - 5. Let d(x) = -x**3 - 27*x**2 + 50*x - 143. What is the remainder when d(-29) is divided by q(-5)?
29
Suppose o = 0, z + 379 - 1258 = 4*o. Calculate the remainder when z is divided by 13.
8
Let w = 14 - -50. Suppose 3*k - 5*c = -w, 0*c = 2*k - 2*c + 48. Let j = -16 - k. What is the remainder when j is divided by 7?
5
Let t(s) = -5*s**2 + 7*s - 3. Let v(y) = 4*y**2 - 6*y + 3. Let g(u) = -5*t(u) - 6*v(u). Let f = 19 - -6. What is the remainder when f is divided by g(-4)?
7
Suppose -3*t + 24 = -3*b, -7*b = -3*b - 4. Let u(i) = 12 - 4*i**2 + 2*i**2 + 0*i - 19*i. What is the remainder when t is divided by u(-10)?
1
Suppose n - 4 = 1. Let y(x) = 3*x**2 + 6*x + 0*x**2 + n*x**2 + 0*x + x**3 - 2. What is the remainder when y(-7) is divided by 3?
2
Let g = 71 + 34. What is the remainder when g is divided by 37?
31
Let m(n) = n**2 + 22*n - 117. What is the remainder when m(7) is divided by 31?
24
What is the remainder when 55 is divided by (8/(-32))/(1/(-32))?
7
Let o = 1307 + -701. What is the remainder when o is divided by 76?
74
Let s = -312 + 336. Calculate the remainder when 138 is divided by s.
18
Let v(x) = 11*x - 4. Let k be v(4). Let a be -6*(k/12)/5. Let l = 20 + a. Calculate the remainder when 46 is divided by l.
14
Suppose 0 = -g - 5*t + 22, g - 4*t = -3*t - 2. Let h = -4 - -4. Suppose 2*b + i - 11 - 117 = 0, h = -g*i + 4. What is the remainder when b is divided by 22?
19
Suppose 0 = g - 1, 4*t + 5*g - 29 = 12. Calculate the remainder when t is divided by 4.
1
Let y(n) = -n**3 + 26*n**2 - 26*n + 50. Let w = 30 - 20. Calculate the remainder when y(25) is divided by w.
5
Let k = -7 - -12. Suppose -b - r + 39 = -3*r, k*r - 195 = -5*b. Calculate the remainder when b is divided by 14.
11
Suppose x + o = -0*o + 4, -4*o + 14 = 2*x. Suppose 0 = p + b - x + 2, 2*p = b - 8. Let m(h) = h**2 - 2. What is the remainder when m(p) is divided by 6?
1
Let c be -17 - 2*9/(-6). Let a = 32 + c. What is the remainder when 35 is divided by a?
17
Let h(l) = -44*l - 214. What is the remainder when 51 is divided by h(-5)?
3
Let t = 1 + 4. Suppose 6*q = t*q + 19. Let h(k) = 2*k - 5. What is the remainder when q is divided by h(6)?
5
Suppose 0 = w - 2. Suppose 61*h = 66*h - 150. Calcul